rime factors of 30953814.
2, 3, 23, 224303
List the prime factors of 11732111.
71, 149, 1109
List the prime factors of 1276904.
2, 17, 41, 229
List the prime factors of 5351005.
5, 11, 17, 59, 97
What are the prime factors of 8165373?
3, 1187, 2293
What are the prime factors of 1238421?
3, 412807
List the prime factors of 1709913.
3, 167, 3413
List the prime factors of 1958165.
5, 11, 35603
What are the prime factors of 46883?
173, 271
List the prime factors of 339835.
5, 67967
List the prime factors of 14538962.
2, 7269481
What are the prime factors of 569634?
2, 3, 13, 67, 109
List the prime factors of 1383905.
5, 276781
List the prime factors of 7338591.
3, 13, 62723
What are the prime factors of 8457395?
5, 1691479
List the prime factors of 12429125.
5, 17, 5849
What are the prime factors of 349371?
3, 11, 3529
List the prime factors of 3055327.
11, 277757
List the prime factors of 9291660.
2, 3, 5, 7, 22123
List the prime factors of 11216569.
7, 13, 123259
What are the prime factors of 31071465?
3, 5, 47, 59, 83
What are the prime factors of 7690708?
2, 1922677
List the prime factors of 707186.
2, 347, 1019
What are the prime factors of 25105182?
2, 3, 4184197
List the prime factors of 1506917.
1506917
List the prime factors of 12787008.
2, 3, 13, 47, 109
What are the prime factors of 5029132?
2, 577, 2179
What are the prime factors of 1326323?
17, 61, 1279
What are the prime factors of 917723?
23, 39901
What are the prime factors of 1012615?
5, 31, 47, 139
What are the prime factors of 351539?
103, 3413
What are the prime factors of 47024?
2, 2939
List the prime factors of 4948105.
5, 17, 23, 2531
What are the prime factors of 1220869?
13, 93913
List the prime factors of 550123.
7, 103, 109
List the prime factors of 3161839.
1699, 1861
What are the prime factors of 193134?
2, 3, 32189
What are the prime factors of 186221?
7, 37, 719
What are the prime factors of 19937960?
2, 5, 7, 31, 2297
What are the prime factors of 4799819?
29, 165511
List the prime factors of 463029.
3, 7, 17, 1297
What are the prime factors of 15741478?
2, 7870739
List the prime factors of 3931278.
2, 3, 13, 3877
List the prime factors of 5957042.
2, 7, 13, 71, 461
What are the prime factors of 485012?
2, 11, 73, 151
List the prime factors of 2776359.
3, 181, 5113
What are the prime factors of 134411?
257, 523
List the prime factors of 314710.
2, 5, 11, 2861
List the prime factors of 3313514.
2, 131, 12647
What are the prime factors of 114128?
2, 7, 1019
List the prime factors of 26968855.
5, 193, 27947
What are the prime factors of 958136?
2, 229, 523
What are the prime factors of 20494932?
2, 3, 23, 74257
List the prime factors of 4709870.
2, 5, 11, 47, 911
What are the prime factors of 13122846?
2, 3, 11, 191, 347
What are the prime factors of 809786?
2, 103, 3931
What are the prime factors of 982844?
2, 245711
List the prime factors of 53705.
5, 23, 467
What are the prime factors of 20517422?
2, 10258711
List the prime factors of 6153312.
2, 3, 11, 5827
What are the prime factors of 1937863?
421, 4603
What are the prime factors of 22808707?
911, 25037
List the prime factors of 4305763.
7, 11, 199, 281
What are the prime factors of 1327230?
2, 3, 5, 14747
What are the prime factors of 1884224?
2, 59, 499
List the prime factors of 1631026.
2, 139, 5867
What are the prime factors of 248532?
2, 3, 139, 149
What are the prime factors of 501461?
37, 13553
What are the prime factors of 6832234?
2, 281, 12157
List the prime factors of 262819.
262819
What are the prime factors of 220940?
2, 5, 11047
List the prime factors of 1014518.
2, 79, 6421
What are the prime factors of 55327?
61, 907
What are the prime factors of 990129?
3, 7, 47149
What are the prime factors of 410122?
2, 47, 4363
What are the prime factors of 168926?
2, 84463
What are the prime factors of 5799348?
2, 3, 161093
What are the prime factors of 597482?
2, 17, 17573
What are the prime factors of 306447?
3, 102149
What are the prime factors of 19918360?
2, 5, 7, 11, 29, 223
List the prime factors of 515631.
3, 171877
What are the prime factors of 4518752?
2, 7, 20173
List the prime factors of 593564.
2, 179, 829
What are the prime factors of 3789976?
2, 89, 5323
What are the prime factors of 663307?
31, 21397
What are the prime factors of 261426?
2, 3, 11, 17, 233
What are the prime factors of 30552722?
2, 19, 229, 3511
List the prime factors of 1476812.
2, 191, 1933
What are the prime factors of 1382501?
1382501
List the prime factors of 3112494.
2, 3, 7, 11, 6737
List the prime factors of 86753.
86753
What are the prime factors of 27943?
27943
List the prime factors of 5041510.
2, 5, 504151
What are the prime factors of 6744704?
2, 23, 29, 79
List the prime factors of 188560.
2, 5, 2357
List the prime factors of 5757784.
2, 719723
What are the prime factors of 83614?
2, 97, 431
What are the prime factors of 1070838?
2, 3, 41, 1451
List the prime factors of 328761.
3, 36529
What are the prime factors of 1979168?
2, 127, 487
What are the prime factors of 22608879?
3, 19, 396647
What are the prime factors of 5653661?
13, 67, 6491
What are the prime factors of 215467?
7, 30781
List the prime factors of 215351.
215351
List the prime factors of 137124.
2, 3, 13, 293
What are the prime factors of 6092194?
2, 23, 132439
What are the prime factors of 205895?
5, 41179
List the prime factors of 963148.
2, 19, 23, 29
List the prime factors of 17775934.
2, 11, 807997
What are the prime factors of 118199?
19, 6221
What are the prime factors of 1118072?
2, 139759
What are the prime factors of 3313975?
5, 7, 29, 653
What are the prime factors of 248067?
3, 43, 641
What are the prime factors of 176668?
2, 29, 1523
What are the prime factors of 159887?
7, 13, 251
List the prime factors of 4740018.
2, 3, 790003
What are the prime factors of 13423119?
3, 37, 120929
List the prime factors of 3120979.
17, 183587
What are the prime factors of 1045322?
2, 522661
What are the prime factors of 2290237?
89, 25733
What are the prime factors of 4256364?
2, 3, 7, 50671
List the prime factors of 290425.
5, 11617
What are the prime factors of 1384740?
2, 3, 5, 7, 157
List the prime factors of 13750172.
2, 3437543
What are the prime factors of 22835977?
79, 289063
List the prime factors of 2349403.
7, 47947
List the prime factors of 552231.
3, 113, 181
What are the prime factors of 450790?
2, 5, 61, 739
List the prime factors of 48097.
7, 6871
List the prime factors of 204857.
204857
List the prime factors of 960089.
13, 19, 23
List the prime factors of 221800.
2, 5, 1109
List the prime factors of 1057323.
3, 352441
List the prime factors of 6456407.
43, 53, 2833
What are the prime factors of 770497?
7, 13, 8467
What are the prime factors of 345323?
11, 31393
What are the prime factors of 5998696?
2, 11, 6197
What are the prime factors of 808957?
808957
What are the prime factors of 6390020?
2, 5, 7, 13, 3511
List the prime factors of 5136410.
2, 5, 513641
What are the prime factors of 1720314?
2, 3, 31, 3083
What are the prime factors of 49061?
71, 691
List the prime factors of 20867.
7, 11, 271
What are the prime factors of 10873098?
2, 3, 17, 35533
List the prime factors of 33258.
2, 3, 23, 241
What are the prime factors of 1922657?
11, 277, 631
List the prime factors of 22274601.
3, 229, 32423
List the prime factors of 6179907.
3, 823, 2503
List the prime factors of 3515937.
3, 1171979
List the prime factors of 10403314.
2, 23, 9833
What are the prime factors of 29600790?
2, 3, 5, 986693
What are the prime factors of 808899?
3, 7, 13, 2963
List the prime factors of 198484.
2, 11, 13, 347
What are the prime factors of 574702?
2, 17, 16903
List the prime factors of 200649.
3, 66883
What are the prime factors of 8658440?
2, 5, 7, 17, 107
List the prime factors of 10813607.
7, 29, 53269
What are the prime factors of 253768?
2, 31721
List the prime factors of 6077744.
2, 379859
List the prime factors of 2453.
11, 223
List the prime factors of 3273722.
2, 353, 4637
What are the prime factors of 9825916?
2, 449, 5471
What are the prime factors of 265756?
2, 29, 79
List the prime factors of 951080.
2, 5, 13, 31, 59
List the prime factors of 3987302.
2, 11, 19, 9539
What are the prime factors of 11996797?
47, 255251
List the prime f